What is the value of (20 - 18) + (-5 - (-7 + -4))?
8
What is the value of (28 - 0) + 162 + -177?
13
22 - ((-46 - -11) + 18)
39
What is -11 + -15 + 15 - (-6 + 0)?
-5
4 + (1 + (1 - 6) - 5) - 9
-14
(-35 - (-30 + -25)) + 11
31
What is the value of -31 + 25 + ((-1 - 1) + 1 - 4)?
-11
What is (14 - 1) + -15 + 5 + 1?
4
What is the value of (-1 - (1 + -4)) + 6 + -40?
-32
What is -5 + -2 + -4 + 14 + (-14 - -31)?
20
Evaluate 10 - 19 - (-5 - 0 - 5).
1
What is the value of 1 + (19 - (0 - -1 - -8))?
11
Calculate (7 - 1) + -3 + (19 - 11) + -3.
8
What is the value of -8 + (-10 - (35 + -67 - (-7 - 0)))?
7
What is -2 + -15 - (-18 + -2)?
3
Calculate 3 + 0 + 7 - 1.
9
-1 + 12 - 5 - (8 + (7 - 4))
-5
-13 - (0 + 13 + (140 - 174))
8
0 - (26 - (3 - -12))
-11
What is the value of -1 + 2 - (-7 + -2) - (314 - 308)?
4
What is the value of 33 + -39 + 10 - (5 + -1)?
0
Calculate -3 - -9 - 6 - (-12 + (1 - 0)).
11
Calculate -3 + (1 - 16 - (12 + -3 - 4)).
-23
Calculate 2 + -2 + (-2 - 0) - (-9 - -1).
6
Evaluate -13 + (-3 + 46 + -14 - 14).
2
What is the value of (-74 - -69 - (7 - 1)) + -6?
-17
What is (4 - 8 - (0 + 14)) + 10?
-8
-11 + 29 - (-3 - -7)
14
3 + (1 - (14 - 10)) + (5 - 0)
5
Calculate -9 - ((2 - 13) + 13).
-11
Calculate -2 + (-8 - -17) + -1 + -18.
-12
22 - (-5 - (10 - 2 - 19))
16
What is the value of (7 - 1) + (18 - 23 - (1 + -1))?
1
What is -5 + 8 - (-26 - -17)?
12
Calculate 7 + -11 + 20 - (-17 - -52).
-19
What is -1 - 0 - 6 - (80 - 136 - -35)?
14
What is the value of -1 + 27 - (1294 + -1258)?
-10
Evaluate 9 + 10 + -34 + 7.
-8
What is (2 - 5 - -3) + (-4 - -1) + 17?
14
What is the value of 8 - ((-17 - -37) + 1)?
-13
What is the value of (-8 - (-6 + 20)) + (0 - -2)?
-20
What is -16 + (41 - 16) - (0 + 4 + -20)?
25
Evaluate -1 + -8 + -3 + 8 + 16 + -3.
9
Calculate (3 - -9) + (0 - (3 + 0)).
9
(17 - 24 - -11) + -16 + (-1 - -4)
-9
Calculate -1 + (-14 - 5) - -10 - (0 + -7).
-3
Evaluate -116 + 79 + (-1 - (-1 - 6)).
-31
What is 2 + -1 + (-3 - -1) + (61 - 61)?
-1
What is the value of -1 + (-3 - -6 - -3) + 2?
7
-9 - (-11 + (-5 + -1 - (-36 + 23)))
-5
What is 3 + -1 + -41 + 43?
4
-84 + (-24 - -74) + -3
-37
Calculate -4 + (0 - (9 - -1)) + 43.
29
-2 - (-10 + 21 + -10) - (1 + 0)
-4
Calculate -31 + 23 + (10 - 3).
-1
-3 - 2 - -2 - (11 - 14 - -1)
-1
What is -2 - -5 - (11 - 7) - (0 - 10)?
9
Calculate (14 - 26) + -91 + 94.
-9
Calculate -54 + 29 - ((0 - -3 - 6) + -3).
-19
What is the value of 11 + 2 + (18 - 8) + -4?
19
-6 - (8 + -12 + 5 + (0 - 3))
-4
Evaluate 0 - 8 - -4 - (-7 - (1 + -2)).
2
What is the value of 0 + 6 + (-5 + 8 - 6) + -2?
1
Evaluate (-9 - (-6 + (-3 - -3))) + 24 + -9.
12
3 + 13 + (-2 - 1 - 9) + 7
11
Calculate 11 + (30 - 20) - 8.
13
What is the value of 6 - (21 - -29 - (1 - -4 - -2))?
-37
Evaluate -22 - 1 - (-339 + 314).
2
Calculate -12 + 1 - (576 - 594).
7
Evaluate -14 + (9 + -4 - 9) + 2.
-16
-83 + 94 + (0 - 6)
5
Evaluate (-657 - -664) + -27 + 3 + -2.
-19
What is the value of -35 + (6 - (12 - (-4 - -16)))?
-29
Calculate 9 + (15 - 19) + (-5 - 1).
-1
What is (-31 + 17 - -8) + 11?
5
Evaluate 6 - 9 - -9 - -7 - (-2 + 0).
15
9 - 4 - -2 - (-5 - -4 - 2)
10
What is 1 + (-1 + 0 + 6 - (16 - 10))?
0
Evaluate 8 + 8 + -59 + 31.
-12
Calculate -20 + (-10 - -12) + 10.
-8
What is the value of (-1 - -3) + 3 - (-23 + 16)?
12
Evaluate (5 - 21 - -36) + -5.
15
Calculate -4 + 8 + 3 - 3.
4
Calculate (-20 + -8 - -26) + 1 + -6.
-7
Evaluate 14 + 13 + 7 + -35.
-1
What is the value of -15 - (5 + 6 + -14)?
-12
Calculate -7 - -13 - (11 - (4 - 4)).
-5
-5 + -4 - -28 - -1 - -2
22
What is the value of (-2 - 3) + -10 + 12 + 9 - -3?
9
What is the value of 15 + -16 + (-3 + 5 - (2 - 2))?
1
Calculate (34 - (14 + 19)) + -7.
-6
What is 32 - (-4 - (7 - -1) - -22)?
22
What is (1 + -4 - (6 - 7)) + 12?
10
Evaluate (-4 - 28) + (96 - 84).
-20
What is (-15 - -35) + -40 - -5?
-15
Calculate 16 + -10 + (2 - 21) - (-6 - 0).
-7
Evaluate -5 - (0 + -6 + (-9 - -16)).
-6
What is the value of -96 - -97 - ((4 - -8) + -4)?
-7
What is the value of (-6 + 2 - 0) + -111 + 109 + 1?
-5
What is the value of -22 - ((0 - -11) + -2 - 16)?
-15
What is -48 + 29 + 20 + (1 - 3)?
-1
What is 0 + -28 - (-1345 + 1281)?
36
Evaluate 8 - (10 + -11 + 5 - 1).
5
35 - (22 + 12 - 31)
32
What is -44 - -17 - (52 - 87)?
8
What is the value of 6 + -1 - (-1 + -2 + -3 + 3)?
8
21 - (-7 + -19 - -32)
15
211 - 215 - (-2 + 1 + -1 + -5)
3
Calculate (-37 - -60) + (2 - 20).
5
What is -5 + (-14 - -3) - -19?
3
What is (-3 - -1) + (-1 - -4) + -8?
-7
Evaluate (18 - 9) + -28 + 15.
-4
0 - -25 - (-6 + (-4 - -7) + 13)
15
222 + -210 - (21 + (0 - 3))
-6
What is the value of -5 + -35 + 197 + -143?
14
Evaluate (49 - 59 - (-10 + -1)) + (-9 - 0).
-8
(-2 - 1) + 8 - (25 - 25)
5
Evaluate (6 - (0 - -1)) + 255 + -263.
-3
(-17 + 9 - -11) + (3 - -5)
11
8 - (-5 - (-4 - (-17 + 9)))
17
-5 - ((5 - 23) + 4 + 1)
8
Calculate -36 + (3 - 2) + 17.
-18
Calculate (-17 - -9 - -4) + (22 - 12).
6
What is the value of 21 - (1 + (-2 - -10))?
12
What is the value of 937 + -895 + -53 + -1?
-12
What is -1 + 0 + (-2 - (30 + -15)) + 7?
-11
Evaluate 12 + -2 + -2 + 8 + (-6 - -2).
12
(-2 - 0 - 4 - (-81 + 84)) + 21
12
What is (2 - 1 - 7) + 11 - 3?
2
(2 - 7) + (-104 - -108) - -20
19
0 + (3 - 3) + -6 + (-7 - -15)
2
Evaluate (12 - 0) + (-13 - -2).
1
What is -16 + 18 + (7 - 1) + 1 + 1?
10
What is (-1 - -2) + (1 - (-10 - (18 + -28)))?
2
(0 - 0) + (39 - 31) + -5
3
Evaluate (-2 - -7) + -13 + 7 + -1 - -6.
4
What is the value of -19 + (-3 - -16) + 8?
2
What is the value of (-138 - -159) + (0 - 26)?
-5
What is (21 - 16) + (1 - 1) + -7?
-2
0 + (0 + -5 - (-3 - (-11 + 10)))
-3
What is -130 - -54 - -65 - ((-2 - 0) + 10)?
-19
What is 8 - -42 - 7 - 10?
33
What is the value of (3 - 60 - -52) + -1 + -2?
-8
What is 4 - (-1 + -3 - (5 - 9))?
4
What is the value of (4 + 5 + -4 - 8) + 16?
13
Calculate (28 - 8) + (-20 - -21).
21
Evaluate 0 + 1 + (-17 + 44 - 27).
1
((-11 - 6) + 21 - (4 - -1)) + 19
18
65 - 55 - ((0 - -2) + 2)
6
(12 + -32 + 14 - (2 + -5)) + -11
-14
Calculate -18 - (10 + (0 - 42)).
14
Evaluate 13 + (11 + 3 - ((12 - 14) + 12)).
17
Calculate 67 + -100 - (-20 - -5).
-18
Calculate -26 - -80 - 0 - 38.
16
What is (2 - (-38 + 38 - (4 - -1))) + 9?
16
Calculate -159 + 152 + (-1 - (0 + 0)).
-8
2 + -13 + 5 + 3 - (-3 + -12)
12
37 + -36 - (7 + -2 + 3 + 3)
-10
Calculate -13 + (-427 - -417) + (8 - (2 - 2)).
-15
What is 8 + -2 + -2 + 2?
6
Evaluate 368 + -352 + (0 - 2) + 1.
15
What is the value of (-143 - -137) + (6 - -1) - 10 - 13?
-22
-4 + (6 - 2) + 30 + -17
13
Evaluate 12 + (-3 - 3) + -42 + 36.
0
-16 + 1 + 72 + -59
-2
What is the value of 0 + 5 + -1 + (-13 - (-5 - -5))?
-9
Evaluate 13 - (-7 - (15 - 19)).
16
What is 16 - (-4 + 2 + 24)?
-6
16 + (-2 + -25 - -11)
0
Evaluate 48 - (16 + 0 + 6).
26
What is -12 + 17 + (-34 - -1 - 3) + 7?
-24
What is the value of (18 - 4) + (13 + -5 - 41)?
-19
What is the value of (-7 - -1) + 7 + 1 - 4?
-2
Evaluate -35 - -13 - -24 - (1 + -15 + 1).
15
What is -16 + (14 - 4) - -13 - (-1 - -1)?
7
What is the value of (-6 - (0 + -4 - (2 - 2))) + 17?
15
What is (-372 - -369) + (34 - (2 + 1))?
28
-19 - -5 - (-3 - -2 - 4)
-9
Evaluate 12 + (-2 - 3) - (17 + -7 + -4).
1
Calculate (4 - 7) + 9 - 8.
-2
Evaluate -7 + ((-6 - -10) + 4 - 3) + -16.
-18
(5 - (-44 - -34)) + -1 + -3
11
Calculate -3 - (-2 + 1) - (10 + -33 - -24).
-3
Calculate -5 - (43 - 27 - 8).
-13
Calculate 10 - ((-29 - -40) + 16).
-17
21 - (-1 + 9 + -16 + 7 + 0)
22
Calculate 9 - (-11 + 16 - 1) - -6.
11
Calculate -1 - (-12 + 17 - 8).
2
What is the value of -6 + -20 + 20 + 2?
-4
What is the value of 1 - (-11 - (-22 + 8)) - -9?
7
Evaluate 0 - (-28 + 12 + 24 - (-9 - -1)).
-16
What is the value of -7 + -1 + -5 + (6 - 13) + 7?
-13
What is the value of 4 + -45 + (216 - 193)?
-18
Evaluate -3 + -5 + (-2 - -7) + 29 - 6.
20
Calculate -26 - (3 - 0) - (1157 - 1148).
-38
(-81 - -78) + (-1 + 1 + 0 - -1)
-2
-3 + 29 + -26 + 1 + -2
-1
(2 - ((9 - 14) + 20)) + 2
-11
Calculate 2 - (6 - -12 - (-11 - -22)).
-5
Evaluate 12 - (-42 - (-54 + 37)).
37
Evaluate 29 + (6 + -9 - ((-7 - -5) + 8)).
20
Calculate -28 + 1 - (-16 - (-45 + 22)).
-34
Evaluate (27 - 20) + (-6 - -7).
8
-2 + (4 - (-25 + 5)) + (2 - 7)
17
Evaluate -10 + 1 - (5 - (-2 + 29)).
13
What is -11 - (-245 + 202 - (-8 + -1))?
23
(7 - 2) + (-3 - (-9 + 19 - 16))
8
What is the value of (-2 - -18) + 21 + -20?
17
Calculate (0 - -10 - 5 - 0) + -1.
4